Is 37 a factor of 458?
False
Is 878 a multiple of 3?
False
Is 18480 a multiple of 165?
True
Is 5374 a multiple of 4?
False
Is 16 a factor of 368?
True
Is 35 a factor of 315?
True
Is 474 a multiple of 2?
True
Is 43 a factor of 45435?
False
Is 46 a factor of 2116?
True
Is 134 a factor of 31886?
False
Is 2254 a multiple of 60?
False
Is 41 a factor of 776?
False
Is 9 a factor of 45801?
True
Does 14 divide 300?
False
Is 196 a factor of 9099?
False
Does 19 divide 17024?
True
Does 6 divide 2876?
False
Does 6 divide 2244?
True
Is 71 a factor of 1349?
True
Is 6228 a multiple of 213?
False
Does 7 divide 256?
False
Is 36 a factor of 5452?
False
Does 14 divide 88?
False
Does 31 divide 6914?
False
Is 38064 a multiple of 156?
True
Is 69 a factor of 2610?
False
Does 10 divide 6840?
True
Is 12454 a multiple of 26?
True
Is 13632 a multiple of 31?
False
Is 1962 a multiple of 9?
True
Is 3780 a multiple of 126?
True
Does 19 divide 2679?
True
Is 38873 a multiple of 278?
False
Is 19496 a multiple of 9?
False
Is 14 a factor of 322?
True
Is 17 a factor of 5270?
True
Is 27 a factor of 107095?
False
Does 31 divide 217?
True
Is 792 a multiple of 66?
True
Does 2 divide 76?
True
Is 23 a factor of 187749?
True
Does 117 divide 29601?
True
Is 17 a factor of 2533?
True
Does 89 divide 5666?
False
Is 1691 a multiple of 53?
False
Is 6017 a multiple of 59?
False
Does 34 divide 4828?
True
Is 30105 a multiple of 10?
False
Does 10 divide 579?
False
Does 4 divide 828?
True
Does 13 divide 27154?
False
Is 13427 a multiple of 39?
False
Is 2 a factor of 733?
False
Does 206 divide 30165?
False
Is 22064 a multiple of 8?
True
Is 2890 a multiple of 2?
True
Is 27 a factor of 512?
False
Does 68 divide 5353?
False
Does 38 divide 552?
False
Is 228 a multiple of 2?
True
Is 32 a factor of 2304?
True
Is 23 a factor of 7080?
False
Does 122 divide 22936?
True
Is 11 a factor of 3355?
True
Is 69 a factor of 2070?
True
Is 2772 a multiple of 21?
True
Is 1224 a multiple of 9?
True
Is 1968 a multiple of 98?
False
Does 6 divide 6218?
False
Does 3 divide 840?
True
Does 80 divide 25360?
True
Is 13 a factor of 13?
True
Does 64 divide 8353?
False
Is 61 a factor of 1586?
True
Is 1280 a multiple of 7?
False
Is 3 a factor of 571?
False
Does 24 divide 100384?
False
Is 13 a factor of 429?
True
Does 5 divide 3199?
False
Does 5 divide 5185?
True
Does 5 divide 5850?
True
Is 28 a factor of 679?
False
Is 190 a factor of 5764?
False
Does 7 divide 16746?
False
Is 1060 a multiple of 53?
True
Is 7507 a multiple of 8?
False
Is 20734 a multiple of 113?
False
Does 39 divide 2301?
True
Does 20 divide 184?
False
Does 47 divide 1237?
False
Does 14 divide 4802?
True
Is 1936 a multiple of 158?
False
Does 7 divide 469?
True
Does 125 divide 12689?
False
Is 20 a factor of 859?
False
Is 4390 a multiple of 284?
False
Is 78122 a multiple of 106?
True
Does 47 divide 237?
False
Is 25 a factor of 1735?
False
Is 6 a factor of 48?
True
Is 32 a factor of 1090?
False
Does 226 divide 47868?
False
Does 59 divide 34633?
True
Is 55 a multiple of 11?
True
Does 60 divide 4260?
True
Is 221 a factor of 5835?
False
Is 702 a multiple of 27?
True
Is 19 a factor of 95?
True
Does 205 divide 14965?
True
Is 16 a factor of 1840?
True
Is 2722 a multiple of 10?
False
Is 6 a factor of 916?
False
Is 33 a factor of 165?
True
Is 53348 a multiple of 13?
False
Does 12 divide 857?
False
Does 26 divide 754?
True
Is 3875 a multiple of 31?
True
Does 57 divide 9313?
False
Is 70 a multiple of 5?
True
Does 15 divide 2049?
False
Is 322 even?
True
Does 123 divide 2335?
False
Is 120 a multiple of 12?
True
Is 10 a factor of 19385?
False
Is 312 a multiple of 39?
True
Is 1292 a multiple of 12?
False
Is 7776 a multiple of 12?
True
Does 9 divide 462?
False
Is 54 a factor of 3132?
True
Is 81 a multiple of 8?
False
Is 1250 a multiple of 10?
True
Is 408 a multiple of 19?
False
Does 3 divide 86?
False
Is 8383 a multiple of 202?
False
Is 21 a factor of 738?
False
Does 190 divide 27216?
False
Is 2 a factor of 496?
True
Is 23673 a multiple of 12?
False
Is 12936 a multiple of 154?
True
Is 1773 a multiple of 7?
False
Does 89 divide 17247?
False
Does 40 divide 1080?
True
Is 126 a factor of 33264?
True
Is 46 a factor of 964?
False
Is 22162 a multiple of 41?
False
Is 13 a factor of 911?
False
Does 30 divide 33270?
True
Is 3258 a multiple of 6?
True
Is 11 a factor of 4995?
False
Is 5915 a multiple of 154?
False
Does 23 divide 719?
False
Is 21 a multiple of 5?
False
Does 106 divide 4105?
False
Is 38 a factor of 532?
True
Does 7 divide 615?
False
Is 12 a factor of 7164?
True
Is 21930 a multiple of 51?
True
Is 675 a multiple of 75?
True
Is 1036 a multiple of 26?
False
Is 32 a factor of 4960?
True
Is 13 a multiple of 2?
False
Is 26 a factor of 447?
False
Does 11 divide 30895?
False
Is 81 a factor of 14013?
True
Is 29 a factor of 761?
False
Is 6225 a multiple of 15?
True
Does 139 divide 1618?
False
Does 8 divide 1237?
False
Is 5 a factor of 9140?
True
Is 18 a factor of 20934?
True
Is 7904 a multiple of 19?
True
Does 44 divide 11352?
True
Is 480 a multiple of 16?
True
Does 13 divide 11243?
False
Does 11 divide 12133?
True
Is 52 a factor of 630?
False
Is 15 a factor of 723?
False
Is 21 a factor of 538?
False
Does 29 divide 139170?
False
Does 16 divide 37728?
True
Is 91759 a multiple of 27?
False
Is 139 a multiple of 6?
False
Does 2 divide 12?
True
Is 225 a factor of 13725?
True
Is 89 a multiple of 31?
False
Is 4 a factor of 20?
True
Is 16 a factor of 7408?
True
Does 9 divide 449?
False
Does 46 divide 751?
False
Does 9 divide 2161?
False
Is 37 a factor of 1273?
False
Does 28 divide 8288?
True
Is 40 a factor of 2212?
False
Is 9 a factor of 4473?
True
Is 5 a factor of 1000?
True
Does 18 divide 747?
False
Is 730 a multiple of 18?
False
Does 6 divide 459?
False
Is 2230 a multiple of 16?
False
Does 7 divide 1323?
True
Is 53 a factor of 5083?
False
Does 24 divide 1104?
True
Is 38 a factor of 621?
False
Is 63 a factor of 2520?
True
Is 55 a factor of 1540?
True
Does 17 divide 2873?
True
Is 4 a factor of 267?
False
Does 71 divide 1775?
True
Is 102 a multiple of 6?
True
Is 25 a factor of 300?
True
Is 12 a factor of 1680?
True
Does 116 divide 1393?
False
Is 630 a multiple of 21?
True
Does 16 divide 9440?
True
Is 23 a factor of 690?
True
Does 93 divide 56916?
True
Does 59 divide 43247?
True
Does 13 divide 754?
True
Is 35 a factor of 13160?
True
Is 25 a factor of 22575?
True
Does 12 divide 20611?
False
Does 7 divide 2153?
False
Is 84 a factor of 230?
False
Does 22 divide 2112?
True
Is 1176 a multiple of 24?
True
Is 1550 a multiple of 25?
True
Is 14 a factor of 295?
False
Does 295 divide 1475?
True
Does 40 divide 4080?
True
Is 2855 a multiple of 19?
False
Does 14 divide 436?
False
Is 5 a factor of 30741?
False
Does 12 divide 24730?
False
Does 18 divide 8365?
False
Does 31 divide 4431?
False
Does 6 divide 4176?
True
Is 59096 a multiple of 32?
False
Is 5 a factor of 6451?
False
Is 25 a factor of 11549?
False
Is 2 a factor of 962?
True
Is 14 a factor of 126?
True
Is 38351 a multiple of 12?
False
Does 108 divide 2592?
True
Does 18 divide 2286?
True
Is 6868 a multiple of 17?
True
Does 39 divide 2418?
True
Does 8 divide 9640?
True
Does 35 divide 3290?
True
Is 4301 a multiple of 187?
True
Does 39 divide 312?
True
Is 5120 a multiple of 20?
True
Is 14 a factor of 14728?
True
Is 696 a multiple of 34?
False
Is 40710 a multiple of 6?
True
Is 13 a factor of 3281?
False
Is 9 a factor of 576?
True
Is 42 a factor of 747?
False
Is 15 a factor of 18105?
True
Is 31 a factor of 14462?
False
Is 300 a multiple of 50?
True
Is 2618 a multiple of 4?
False
Is 16 a factor of 928?
True
Does 15 divide 600?
True
Does 165 divide 9900?
True
Is 2453 a multiple of 11?
True
Is 462 a multiple of 8?
False
Does 8 divide 654?
False
Is 2432 a multiple of 15?
False
Is 27 a factor of 1096?
False
Is 2 a factor of 990?
True
Is 211 a factor of 22788?
True
Does 28 divide 720?
False
Is 11018 a multiple of 14?
True
Does 149 divide 21158?
True
Is 8 a factor of 2416?
True
Is 27372 a multiple of 23?
False
Does 18 divide 666?
True
Is 153 a factor of 9251?
False
Is 1158 a multiple of 9?
False
Is 728 a multiple of 7?
True
Is 99 a multiple of 2?
False
Does 26 divide 884?
True
Does 4 divide 6696?
True
Is 39 a factor of 1131?
True
Is 7 a factor of 6430?
False
Is 1036 a